{"version":"1.0","type":"rich","width":"560px","height":"140px","title":" Folge 133: Buen Vivir \u2013 das Gute Leben. Mit Pablo Mir\u00f3","url":"https:\/\/siebenlinden.org\/de\/folge-133buen-vivir-das-gute-leben-mit-pablo-miro\/","author_name":"Der \u00d6kodorf-Podcast aus Sieben Linden - Der Podcast \u00fcber Nachhaltigkeit, Gemeinschaft, Permakultur und Pers\u00f6nlichkeitsentwicklung","author_url":"https:\/\/siebenlinden.org","thumbnail_url":"https:\/\/siebenlinden.org\/wp-content\/uploads\/2025\/09\/SL-PC-final-groesser_Pablo_klein.jpg","html":"<iframe width=\"560px\" height=\"140px\" src=\"https:\/\/siebenlinden.org\/de\/folge-133buen-vivir-das-gute-leben-mit-pablo-miro\/?standalonePlayer\"><\/iframe>"}

Folge 133: Buen Vivir – das Gute Leben. Mit Pablo Miró

Der Ökodorf-Podcast aus Sieben Linden - Der Podcast über Nachhaltigkeit, Gemeinschaft, Permakultur und Persönlichkeitsentwicklung
