{"version":"1.0","type":"rich","width":"560px","height":"140px","title":"Frauen*tag Special 8. M\u00e4rz: Feministische Perspektiven im Gespr\u00e4ch","url":"https:\/\/siebenlinden.org\/de\/frauentag-special-8-maerz-feministische-perspektiven-im-gespraech\/","author_name":"Der \u00d6kodorf-Podcast aus Sieben Linden - Der Podcast \u00fcber Nachhaltigkeit, Gemeinschaft, Permakultur und Pers\u00f6nlichkeitsentwicklung","author_url":"https:\/\/siebenlinden.org","thumbnail_url":"https:\/\/siebenlinden.org\/wp-content\/uploads\/2026\/03\/Mittel-SL-PC-final-groesser_frauentag2.jpeg","html":"<iframe width=\"560px\" height=\"140px\" src=\"https:\/\/siebenlinden.org\/de\/frauentag-special-8-maerz-feministische-perspektiven-im-gespraech\/?standalonePlayer\"><\/iframe>"}

Frauen*tag Special 8. März: Feministische Perspektiven im Gespräch

Der Ökodorf-Podcast aus Sieben Linden - Der Podcast über Nachhaltigkeit, Gemeinschaft, Permakultur und Persönlichkeitsentwicklung
